DROP TABLE IF EXISTS LIVRAISONS;
DROP TABLE IF EXISTS COMMANDES;
DROP TABLE IF EXISTS GARNITURE;
DROP TABLE IF EXISTS INGREDIENTS;
DROP TABLE IF EXISTS PIZZAS;
DROP TABLE IF EXISTS USERS;

CREATE TABLE ingredients(
    id int, 
    name text,
    price float,
    CONSTRAINT PK_ING PRIMARY KEY(id)
);
    
INSERT INTO ingredients VALUES (1,'pomme de terre',2.5);
INSERT INTO ingredients VALUES (2,'poivrons',1.2);
INSERT INTO ingredients VALUES (3,'chorizo',2.10);
INSERT INTO ingredients VALUES (4,'lardons',3.05);
INSERT INTO ingredients VALUES (5,'aubergine',1.68);
INSERT INTO ingredients VALUES (6,'champignons',2.24);
INSERT INTO ingredients VALUES (7,'huile',2.4);
INSERT INTO ingredients VALUES (8,'basilic',0.2);
INSERT INTO ingredients VALUES (9,'parmesan',0.5);
INSERT INTO ingredients VALUES (10,'mozzarella',1.7);
INSERT INTO ingredients VALUES (11,'oignons',1.8);

CREATE TABLE PIZZAS(
    pzo int,
    name text,
    pate text,
    price float,
    CONSTRAINT PK_PIZZAS PRIMARY KEY(pzo)
);
INSERT INTO PIZZAS VALUES (1,'margherita','Fine', 12);
INSERT INTO PIZZAS VALUES (2,'vegetarienne','Epaisse', 7);

CREATE TABLE GARNITURE(
    pzo int,
    igo int,
    CONSTRAINT FK_PIZZAS FOREIGN KEY(pzo) 
        REFERENCES PIZZAS(pzo) ON UPDATE CASCADE
                            ON DELETE CASCADE,
    CONSTRAINT FK_ING FOREIGN KEY(igo) 
        REFERENCES INGREDIENTS(id) ON UPDATE CASCADE
                            ON DELETE CASCADE
);
/*PIZZA n°1 MARGHERITA*/
INSERT INTO GARNITURE VALUES (1,7);
INSERT INTO GARNITURE VALUES (1,8);
INSERT INTO GARNITURE VALUES (1,9);
INSERT INTO GARNITURE VALUES (1,10);

/*PIZZA n°2 VÉGÉ*/
INSERT INTO GARNITURE VALUES (2,1);
INSERT INTO GARNITURE VALUES (2,5);
INSERT INTO GARNITURE VALUES (2,6);
INSERT INTO GARNITURE VALUES (2,8);

CREATE TABLE USERS(
    cno int,
    nom text,
    prenom text,
    login text,
    mdp text,
    CONSTRAINT PK_USERS PRIMARY KEY(CNO)
);
INSERT INTO USERS VALUES(1,'lamhene','julien', 'julien','apitoken');
INSERT INTO USERS VALUES(2,'jean','jean', 'jean','apitoken2');

CREATE TABLE COMMANDES(
    id_cmd int, /*id commandes*/
    cno int, /*id users*/
    date_cmd text,
    CONSTRAINT PK_COMMANDES PRIMARY KEY(id_cmd),
    CONSTRAINT FK_USERS FOREIGN KEY(cno) 
        REFERENCES USERS(cno) ON UPDATE CASCADE
                            ON DELETE CASCADE
);
INSERT INTO COMMANDES VALUES (1, 1, '10-02-2022');
INSERT INTO COMMANDES VALUES (2, 1, '10-02-2022');
INSERT INTO COMMANDES VALUES (3, 2, '11-02-2022');
INSERT INTO COMMANDES VALUES (4, 2, '11-02-2022');

CREATE TABLE LIVRAISONS(
    id_cmd int,
    pzo int,
    CONSTRAINT FK_CMD FOREIGN KEY(id_cmd) 
        REFERENCES COMMANDES(id_cmd) ON UPDATE CASCADE
                            ON DELETE CASCADE,
    CONSTRAINT FK_PIZZAS FOREIGN KEY(pzo) 
        REFERENCES PIZZAS(pzo) ON UPDATE CASCADE
                            ON DELETE CASCADE
);
INSERT INTO LIVRAISONS VALUES(1,1);
INSERT INTO LIVRAISONS VALUES(1,2);
INSERT INTO LIVRAISONS VALUES(2,1);
INSERT INTO LIVRAISONS VALUES(2,2);
INSERT INTO LIVRAISONS VALUES(3,2);
INSERT INTO LIVRAISONS VALUES(3,2);
INSERT INTO LIVRAISONS VALUES(4,2);
INSERT INTO LIVRAISONS VALUES(4,2);
